). Let n(q) = q - 5. What is n(y)?
-1
Let d(z) = 29*z**2 - 70*z + 40. Let m(h) = 10*h**2 - 23*h + 14. Let t(g) = -6*d(g) + 17*m(g). Calculate t(7).
5
Suppose 5*w - 3*y - 113 = 0, 2*w - 4*w + y = -46. Let h(f) = -f + 30. Determine h(w).
5
Let w(g) = 17*g + 11. Let o(r) = 30*r + 18. Let x(a) = -3*o(a) + 5*w(a). Give x(-1).
6
Let j(i) = -2*i - 7. Let c(o) = -7*o**2 + 13*o + 12. Let k(x) = -19*x**2 + 40*x + 35. Let f(l) = -11*c(l) + 4*k(l). Let q be f(-16). What is j(q)?
9
Let i(k) be the third derivative of -k**5/30 + 5*k**4/24 - 2*k**3/3 + 113*k**2. Determine i(3).
-7
Let u(i) = i**3 - 9*i**2 - 5*i + 2. Let p be (-5)/((-30)/54)*40/36. What is u(p)?
52
Let f(i) be the first derivative of -i**6/120 - i**5/15 + i**3/2 - 13*i**2 + 13. Let d(p) be the second derivative of f(p). Determine d(-4).
3
Let i(h) = -h**3 - 9*h**2 - 7*h + 1. Let q(w) = -w**2 + 2*w + 51. Let r be q(8). Suppose -s + r*x - 6 = 2*x, -4*s = -5*x + 22. Give i(s).
-7
Let j(k) be the third derivative of 13*k**4/24 + 3*k**3/2 - 248*k**2. Let t(m) = -1 - 4 - 7*m + 0. Let o(v) = -6*j(v) - 11*t(v). Determine o(1).
0
Let c be (-4)/5 + 1416/120. Suppose 4 = -9*p + c*p. Let d(j) be the first derivative of j**2 - 2. Give d(p).
4
Let i(z) = z**3 + 21*z**2 + z + 14. Let m(u) = -u**2 - 34*u - 261. Let g be m(-10). What is i(g)?
-7
Let d(x) be the second derivative of x**3/6 + 8*x**2 - 29*x. What is d(-11)?
5
Let s(k) = k**3 + 5*k - 3 + 5*k**2 - 4*k**3 + 4*k**3 - 2*k**3. Suppose y + 42 - 43 = 0, 5*r - 25 = 5*y. Determine s(r).
-9
Suppose -69 = 5*k + 6. Let c be ((-6)/k)/(2/30). Let y(t) = -t + 5. Give y(c).
-1
Suppose 0 = -12*d + 10 + 14. Suppose 4*r - 89 = -21. Let s(o) = -21*o + d - 3 + r*o. Calculate s(2).
-9
Let w(q) be the first derivative of -q**2 - 13*q + 15. Give w(-8).
3
Suppose 69 = -2*j + 47. Let f(z) = -z**3 - 11*z**2 + 4. What is f(j)?
4
Let t(c) be the third derivative of -c**4/8 + 11*c**3/6 + 11*c**2. Let i(m) = 7*m - 21. Let v(j) = -2*i(j) - 5*t(j). Calculate v(7).
-6
Let h(k) = -k**3 + 3*k**2 - 2*k + 7. Let r(n) = n**3 - 3*n**2 + 2*n - 8. Let f(j) = -7*h(j) - 6*r(j). Let i be (1/(-2))/((-51)/(-18) + -3). Determine f(i).
5
Let k be -3 - 4/(-4)*1. Let c(m) = -2 + 4 - 4 - 2*m + m + m**2. Calculate c(k).
4
Let r(m) = -301*m. Let z(c) = -19*c. Let w(h) = 4*r(h) - 63*z(h). Give w(8).
-56
Let h(d) = -3*d - 23. Let c be (3 - (0 + 4)) + -7. Calculate h(c).
1
Let v(m) be the first derivative of 1/4*m**4 + 0*m**3 + 7*m - 1 + 1/2*m**2. Determine v(0).
7
Let h = -7 + 9. Suppose 2*k + 10 = 5*b, -2 - h = -4*k - 2*b. Let g(s) be the third derivative of -s**6/120 - s**5/60 - 4*s**3/3 + 5*s**2. What is g(k)?
-8
Let k(j) be the first derivative of 5/3*j**3 + j**2 - 6*j + 1 - 1/4*j**4. Let u(c) = 20*c - 15. Let w be u(1). Calculate k(w).
4
Let q(y) = y**2 - y + 11. Let m be q(-6). Suppose -3*s - m = -38. Let l(j) = j**3 + 4*j**2 - 5*j + 3. Give l(s).
3
Suppose 4*b - 10 = -q + 8, 4*b - 38 = -3*q. Let a be 2/q - 9/45. Suppose -4*d + a*d - 4 = -4*g, 0 = g. Let s(i) = 7*i - 1. Determine s(d).
-8
Let c = -28 - -28. Let x(o) = 1 + 2*o**2 - 3*o - 4*o + c*o**2 - o**2. Determine x(4).
-11
Let u be (64/10)/((-3)/(-15)). Suppose -4*h + c = -33, h - u = -c + 6*c. Let t(f) = 4*f + 2. Calculate t(h).
30
Let d(x) be the third derivative of -x**7/840 - x**6/360 - x**4/12 + 10*x**3/3 + 13*x**2. Let g(j) be the first derivative of d(j). What is g(-2)?
2
Let v(q) = -q**2 + 7*q + 17. Let d(s) = s**2 - 17*s + 8. Let g be d(17). Determine v(g).
9
Let z(o) = -19*o - 2. Let a(s) = 23*s + 1. Let m(d) = -4*a(d) - 5*z(d). Let c be (-2 - -14)/(-2)*1. Calculate m(c).
-12
Let o(k) = -17*k + 14. Let y be o(5). Let w = 68 + y. Let s(m) = 5*m + 4. What is s(w)?
-11
Suppose s + 10*c - 2 = 9*c, -3*s = c - 6. Let h(w) = 7*w**2 + 3*w - 3. What is h(s)?
31
Let v(q) = -q**3 + 12*q**2 - 11*q + 11. Let y = 1352 + -1341. Give v(y).
11
Let y = 139 + -146. Let g(s) = s**2 + 2*s + 7. Determine g(y).
42
Suppose -q + 1 = 4. Let r be 2/8*4*q. Let t(l) = 2 + 0 + 4*l + 1 + 2*l**2. Calculate t(r).
9
Suppose -v = -2*k - 162, 2*v = -6*k + 4*k - 156. Let q = 76 + k. Let d(g) = -g**3 - 4*g**2 - 3*g - 2. Determine d(q).
10
Let k(m) = -7*m**3 + 57*m**2 - 10*m + 14. Let x be k(8). Let g(b) = b**2. Calculate g(x).
4
Let o be 27/(-18) - 42/(-4). Let t(g) = 8*g**2 + 4*g - 1. Let x(d) = 31*d**2 + 17*d - 5. Let s(r) = o*t(r) - 2*x(r). Give s(-1).
9
Let f = 9 - 4. Let s(o) = -o**2 - 1. Let u(y) = -22 - 1490*y**2 + 1484*y**2 - 7*y + 10. Let r(a) = f*s(a) - u(a). Determine r(-6).
1
Suppose 15 = -4*f + 7*f. Suppose -t - 2 = 5*s, -2*t = -5*t + f*s + 14. Let c(v) = -3*v + 2. Let l(a) = a - 1. Let h(r) = -c(r) - 6*l(r). Give h(t).
-5
Let p(j) = -2*j**2 + 2*j + 1. Let h(t) = -t**2 + 2*t. Let u(l) = -h(l) + p(l). Suppose -3*r - 7 = 5*z, 4*z + 11 = -3*r + 3. What is u(z)?
0
Let l(k) = -8*k - 3. Let q be -13 + 12 + 18/(-15)*-5. Determine l(q).
-43
Let h(c) = -13*c**2 - 32*c - 4. Let u(y) = 3*y**2 + 8*y + 1. Let o(f) = 2*h(f) + 9*u(f). Let r be o(-8). Let d(s) = 10*s**2 - 1. Determine d(r).
9
Let v(t) = -16*t**2 + t. Suppose -21*o + 6 = -15. Determine v(o).
-15
Let d(x) = x**2 + 3*x - 8. Let s be d(-5). Let t(v) = -2*v + s - 1 - 1 + 6. Let r be t(6). Let b(g) = 2*g + 7. What is b(r)?
-5
Let g(y) be the second derivative of -y**4/12 - y**3/6 - 14*y**2 + 24*y. Let u(v) be the first derivative of g(v). Determine u(-5).
9
Let q(h) = 2*h - 1. Let t(j) = -j - 16. Let g be t(-19). Determine q(g).
5
Let g(p) = -p**2 - 3*p. Let z(k) = -k - 5. Let j = 7 - 15. Let c be z(j). Suppose 0 = -o - 7 + c. What is g(o)?
-4
Let s(b) = b + 5. Let l be (10/(-20) + 3)*-2. Give s(l).
0
Let i(z) = -z**3 + 5*z - 2*z**2 - 3*z - 4 + 5*z**2. Suppose q - 2 = 0, -2*p + 0*q + 4*q - 14 = 0. Let a be 2/10 + p*70/(-75). Determine i(a).
2
Let h(s) be the first derivative of -s**4/4 + s**3 + s**2 - 104. Determine h(3).
6
Suppose 0 = 4*d - 4*l + 88, -2*l + 0*l = -3*d - 69. Let x = d + 27. Let w(n) be the third derivative of -n**4/12 - n**3/6 - n**2. Determine w(x).
-5
Let c be (-1 - 0) + 6/3. Suppose 3*j = j + 2. Let y be -6 - (2 - c - j). Let r(i) = i**3 + 7*i**2 + 5*i - 5. Calculate r(y).
1
Suppose -55*x = -19*x - 432. Let q(n) = n**3 - 11*n**2 - 14*n - 5. Determine q(x).
-29
Suppose h - 4*r = 5, -12 = -3*r - r. Suppose h = 4*y - 3*j, 0 = 5*y + 2*j + 3*j - 30. Let x(u) = u**3 - 6*u**2 + 4*u + 7. Give x(y).
2
Let c be (-132)/(-20) + (-2)/(-5). Suppose 0*n + y - c = -3*n, -5*y - 7 = n. Suppose 0 = a + n*a + 24. Let x(g) = g**2 + 4*g - 6. What is x(a)?
6
Let b(h) = -5*h**2 - 6*h - 4. Let t(y) = -2*y**2. Let m(d) = -b(d) + 3*t(d). Calculate m(5).
9
Suppose 0 + 4 = 4*u. Let m = -53 + 55. Let p(h) = -3*h**m - 14*h - 10*h + 24*h. What is p(u)?
-3
Let y(a) = a**3 - 5*a**2 + 6*a - 2. Let g = 229 - 326. Let f = 101 + g. Calculate y(f).
6
Let l(p) be the third derivative of p**6/120 + 2*p**5/15 - 4*p**3/3 + 13*p**2 + 1. What is l(-8)?
-8
Let t(d) be the third derivative of d**4/8 - d**3/3 - 9*d**2. Determine t(-5).
-17
Let i be ((-4)/(-6))/((-10)/195). Let m(b) = -2*b - 24. Let h be m(i). Let s(f) = -f**2 + f - 1. Give s(h).
-3
Suppose -3*m + 238 = 5*n, 2*m + m + 12 = 0. Let c(s) = 8*s - s**3 - 3*s - n - 4*s**2 + 46. Determine c(-5).
-4
Let u = -74 - -83. Suppose l + u = -5*v - 11, 0 = 5*v + 5*l. Let j(t) = -t**3 - 5*t**2 - 2*t + 3. Calculate j(v).
13
Suppose 4*v - 12 = 8. Let c(i) be the second derivative of i**6/720 + i**5/24 - i**4/12 - i. Let t(m) be the third derivative of c(m). Give t(v).
10
Let w(r) = 3*r + 3. Let j(c) = -5*c - 4. Let i(d) = -4*j(d) - 7*w(d). Let x = -8 - -6. Let q be (-5)/(0 - (x - -1)). Determine i(q).
0
Let x be ((-2 + -4)/(-2))/(-2 + 3). Let w(g) = 0*g**3 - g**2 - 103*g + 101*g + g**x. What is w(-2)?
-8
Let x be ((-4)/(-6))/(3/(81/(-6))). Let g(f) = 2*f - 1. Calculate g(x).
-7
Let i(r) be the first derivative of r**4/4 + 13*r**3/3 - 7*r**2 + 4*r - 64. What is i(-14)?
4
Let g(f) = -3*f + 21. Let v be g(7). Suppose v*a - 2 = -a. Let z(s) = 7*s - 2. Calculate z(a).
12
Suppose 0*b = -q - 5*b + 33, 2*b = -q + 18. Suppose 24*r = 57 + 63. Suppose n = -3*j - 1, 5*n - r*j + 17 = -q. Let c(p) = -p - 3. Determine c(n).
1
Let y be 38/(-570) - 424/(-60). Let h(n) = -n**2 + 10*n - 10. Give h(y).
11
Let l(b) = -b**2 - 7*b - 3. Let z(g) be the third derivative of g**5/60 + 3*g**4/8 - g**3/2 - 5*g**2. 